059 and 1449?
161
Calculate the greatest common factor of 219 and 25331.
73
Calculate the greatest common divisor of 4 and 34.
2
What is the greatest common factor of 720 and 45?
45
Calculate the highest common divisor of 4403 and 952.
119
What is the highest common factor of 2736 and 18?
18
What is the highest common factor of 549 and 36?
9
What is the greatest common factor of 39 and 91?
13
Calculate the highest common divisor of 1296 and 160.
16
Calculate the highest common divisor of 1363 and 47.
47
What is the greatest common divisor of 96 and 72?
24
Calculate the highest common factor of 1 and 1249.
1
Calculate the highest common divisor of 165 and 30.
15
Calculate the greatest common divisor of 14 and 2.
2
Calculate the greatest common factor of 631 and 11.
1
What is the highest common factor of 20 and 3340?
20
What is the greatest common divisor of 306 and 126?
18
Calculate the highest common divisor of 168 and 378.
42
Calculate the greatest common divisor of 77 and 330.
11
What is the highest common divisor of 108 and 100?
4
Calculate the highest common factor of 110 and 1771.
11
What is the highest common factor of 40 and 32?
8
What is the greatest common divisor of 363 and 132?
33
What is the greatest common factor of 40 and 760?
40
What is the highest common factor of 4858 and 224?
14
Calculate the greatest common factor of 171 and 19.
19
What is the greatest common divisor of 2992 and 17?
17
What is the greatest common divisor of 99 and 561?
33
What is the highest common factor of 26 and 767?
13
Calculate the highest common factor of 1280 and 40.
40
What is the highest common divisor of 240 and 192?
48
Calculate the greatest common factor of 10 and 2.
2
What is the greatest common divisor of 5346 and 352?
22
What is the greatest common factor of 162 and 144?
18
What is the greatest common divisor of 69 and 667?
23
Calculate the highest common factor of 9154 and 92.
46
Calculate the greatest common factor of 288 and 42.
6
What is the greatest common factor of 648 and 12?
12
What is the greatest common factor of 224 and 1?
1
What is the greatest common divisor of 4 and 452?
4
Calculate the highest common divisor of 700 and 180.
20
Calculate the highest common factor of 15 and 630.
15
What is the greatest common factor of 1200 and 48?
48
Calculate the greatest common divisor of 12 and 69.
3
What is the highest common divisor of 184 and 16560?
184
Calculate the highest common divisor of 74 and 35927.
37
What is the greatest common factor of 25 and 355?
5
What is the highest common factor of 35 and 21?
7
What is the highest common divisor of 21 and 4431?
21
Calculate the highest common factor of 681 and 227.
227
Calculate the highest common divisor of 3285 and 18.
9
Calculate the greatest common factor of 486 and 150.
6
What is the greatest common divisor of 38 and 361?
19
What is the highest common divisor of 230 and 80?
10
Calculate the greatest common factor of 624 and 143.
13
Calculate the greatest common divisor of 34 and 204.
34
Calculate the greatest common divisor of 1960 and 630.
70
What is the highest common divisor of 192 and 186?
6
Calculate the greatest common factor of 224 and 1512.
56
Calculate the greatest common factor of 126 and 406.
14
What is the greatest common factor of 3483 and 81?
81
What is the highest common divisor of 75 and 90?
15
What is the greatest common factor of 10 and 4745?
5
What is the greatest common divisor of 43 and 731?
43
What is the highest common factor of 86881 and 283?
283
What is the greatest common factor of 14 and 1028?
2
What is the highest common factor of 16 and 884?
4
What is the highest common factor of 323 and 4?
1
What is the greatest common factor of 4805 and 5?
5
What is the greatest common factor of 304 and 2356?
76
Calculate the highest common factor of 1431 and 81.
27
What is the highest common divisor of 3792 and 192?
48
Calculate the greatest common divisor of 37470 and 15.
15
What is the greatest common divisor of 14174 and 152?
38
Calculate the greatest common factor of 3318 and 1185.
237
Calculate the greatest common factor of 11 and 7403.
11
Calculate the greatest common factor of 104 and 3848.
104
What is the greatest common factor of 1 and 8?
1
Calculate the highest common factor of 2 and 386.
2
Calculate the highest common factor of 1441 and 33.
11
Calculate the highest common divisor of 1886 and 46.
46
What is the greatest common divisor of 10 and 410?
10
Calculate the highest common divisor of 135 and 15.
15
What is the greatest common factor of 9 and 207?
9
What is the greatest common divisor of 3339 and 54?
9
What is the highest common factor of 8 and 8?
8
Calculate the greatest common divisor of 3 and 669.
3
What is the greatest common factor of 432 and 702?
54
Calculate the highest common divisor of 36 and 162.
18
Calculate the greatest common factor of 27 and 6624.
9
Calculate the highest common factor of 1235 and 1805.
95
Calculate the greatest common factor of 53599 and 19.
19
What is the highest common divisor of 665 and 5?
5
Calculate the highest common factor of 102 and 3264.
102
Calculate the greatest common divisor of 320 and 60.
20
Calculate the highest common divisor of 27 and 864.
27
What is the greatest common divisor of 4711 and 21?
7
What is the greatest common divisor of 63 and 336?
21
Calculate the highest common divisor of 378 and 2709.
63
Calculate the greatest common factor of 171 and 95.
19
Calculate the greatest common factor of 143 and 1339.
13
Calculate the highest common factor of 64 and 176.
16
What is the highest common divisor of 4806 and 12?
6
What is the greatest common divisor of 960 and 45?
15
What is the highest common factor of 11 and 13849?
11
Calculate the highest common divisor of 690 and 945.
15
Calculate the greatest common divisor of 1075 and 925.
25
Calculate the highest common factor of 25129 and 13.
13
Calculate the greatest common factor of 1197 and 126.
63
What is the greatest common factor of 256 and 1920?
128
What is the highest common factor of 13 and 559?
13
What is the greatest common factor of 32 and 3232?
32
What is the highest common factor of 12876 and 116?
116
What is the highest common divisor of 272 and 80?
16
Calculate the greatest common divisor of 4 and 28.
4
What is the highest common factor of 1788 and 36?
12
What is the highest common divisor of 1 and 969?
1
What is the greatest common divisor of 13 and 247?
13
Calculate the highest common divisor of 152 and 190.
38
What is the greatest common factor of 180 and 300?
60
Calculate the highest common factor of 7 and 1.
1
Calculate the greatest common factor of 90 and 1845.
45
What is the greatest common factor of 9728 and 19?
19
What is the highest common factor of 30 and 795?
15
Calculate the greatest common factor of 266 and 546.
14
What is the highest common divisor of 21 and 4130?
7
Calculate the greatest common factor of 802 and 2.
2
What is the greatest common factor of 333 and 12?
3
What is the highest common factor of 3726 and 322?
46
Calculate the highest common factor of 64 and 328.
8
Calculate the greatest common factor of 8619 and 78.
39
What is the greatest common factor of 124 and 186?
62
Calculate the greatest common factor of 33 and 143.
11
Calculate the greatest common factor of 50 and 1550.
50
Calculate the highest common factor of 1387 and 19.
19
Calculate the highest common divisor of 12 and 318.
6
What is the highest common divisor of 248 and 1426?
62
Calculate the highest common divisor of 10 and 2510.
10
What is the highest common factor of 4 and 356?
4
What is the greatest common divisor of 1368 and 2432?
152
What is the greatest common divisor of 1345 and 5?
5
What is the highest common divisor of 290 and 40?
10
Calculate the greatest common factor of 10 and 135.
5
What is the highest common factor of 2816 and 1936?
176
What is the highest common factor of 187 and 143?
11
Calculate the highest common factor of 3 and 7.
1
Calculate the highest common factor of 91 and 20657.
91
What is the greatest common divisor of 189 and 351?
27
What is the greatest common divisor of 2 and 81?
1
What is the highest common divisor of 297 and 16137?
99
Calculate the greatest common divisor of 1026 and 12.
6
Calculate the highest common divis